{"id":19006,"date":"2021-07-22T11:07:42","date_gmt":"2021-07-22T11:07:42","guid":{"rendered":"https:\/\/ativo.vamtam.com\/?page_id=19006"},"modified":"2022-09-26T19:51:31","modified_gmt":"2022-09-26T19:51:31","slug":"hatha-yoga","status":"publish","type":"page","link":"https:\/\/ponyzirkuss.de\/?page_id=19006","title":{"rendered":"Pferdgest\u00fctztes Coaching \/ Supervision"},"content":{"rendered":"\t\t<div data-elementor-type=\"wp-page\" data-elementor-id=\"19006\" class=\"elementor elementor-19006\" data-elementor-post-type=\"page\">\n\t\t\t\t\t\t<section class=\"elementor-section elementor-top-section elementor-element elementor-element-552dad2 elementor-section-boxed elementor-section-height-default elementor-section-height-default\" data-id=\"552dad2\" data-element_type=\"section\" data-e-type=\"section\">\n\t\t\t\t\t\t<div class=\"elementor-container elementor-column-gap-no\">\n\t\t\t\t\t<div class=\"elementor-column elementor-col-100 elementor-top-column elementor-element elementor-element-ed03ac6\" data-id=\"ed03ac6\" data-element_type=\"column\" data-e-type=\"column\">\n\t\t\t<div class=\"elementor-widget-wrap elementor-element-populated\">\n\t\t\t\t\t\t<div class=\"vamtam-has-theme-widget-styles elementor-element elementor-element-1fd6280 elementor-widget elementor-widget-image\" data-id=\"1fd6280\" data-element_type=\"widget\" data-e-type=\"widget\" data-widget_type=\"image.default\">\n\t\t\t\t<div class=\"elementor-widget-container\">\n\t\t\t\t\t\t\t\t\t<div class=\"elementor-image\">\n\t\t\t\t\t\t\t\t\t\t\t\t\t\t\t\t\t\t\t\t\t<img fetchpriority=\"high\" decoding=\"async\" width=\"300\" height=\"300\" src=\"https:\/\/ponyzirkuss.de\/wp-content\/uploads\/2022\/08\/Pferdekopf-2-1-300x300.png\" class=\"attachment-medium size-medium wp-image-987682\" alt=\"\" srcset=\"https:\/\/ponyzirkuss.de\/wp-content\/uploads\/2022\/08\/Pferdekopf-2-1-300x300.png 300w, https:\/\/ponyzirkuss.de\/wp-content\/uploads\/2022\/08\/Pferdekopf-2-1-150x150.png 150w, https:\/\/ponyzirkuss.de\/wp-content\/uploads\/2022\/08\/Pferdekopf-2-1-315x315.png 315w, https:\/\/ponyzirkuss.de\/wp-content\/uploads\/2022\/08\/Pferdekopf-2-1.png 600w\" sizes=\"(max-width: 300px) 100vw, 300px\" \/>\t\t\t\t\t\t\t\t\t\t\t\t\t\t\t\t\t\t\t\t\t\t\t\t<\/div>\n\t\t\t\t\t\t\t\t<\/div>\n\t\t\t\t<\/div>\n\t\t\t\t<div class=\"elementor-element elementor-element-e40d186 elementor-invisible elementor-widget elementor-widget-text-editor\" data-id=\"e40d186\" data-element_type=\"widget\" data-e-type=\"widget\" data-settings=\"{&quot;_animation&quot;:&quot;fadeIn&quot;,&quot;_animation_tablet&quot;:&quot;none&quot;,&quot;_animation_mobile&quot;:&quot;none&quot;,&quot;_animation_delay&quot;:300}\" data-widget_type=\"text-editor.default\">\n\t\t\t\t<div class=\"elementor-widget-container\">\n\t\t\t\t\t\t\t\t\t<p>Pferde sind wertfrei. Sie verstellen sich nicht und sind authentisch. Jedes Pferd interagiert\u00a0mit jedem einzelnen Menschen anders. Nichts ist planbar oder vorhersehbar.\u00a0Unsere Coachings richten sich an Privatpersonen, Teams und Fu\u0308hrungskr\u00e4fte und\u00a0bearbeiten klassische Themen des Coachings, wie zum Beispiel:<\/p>\t\t\t\t\t\t\t\t<\/div>\n\t\t\t\t<\/div>\n\t\t\t\t\t<\/div>\n\t\t<\/div>\n\t\t\t\t\t<\/div>\n\t\t<\/section>\n\t\t\t\t<section class=\"elementor-section elementor-top-section elementor-element elementor-element-4937a5f elementor-section-boxed elementor-section-height-default elementor-section-height-default\" data-id=\"4937a5f\" data-element_type=\"section\" data-e-type=\"section\" data-settings=\"{&quot;background_background&quot;:&quot;classic&quot;}\">\n\t\t\t\t\t\t<div class=\"elementor-container elementor-column-gap-no\">\n\t\t\t\t\t<div class=\"elementor-column elementor-col-33 elementor-top-column elementor-element elementor-element-8af6b0b elementor-invisible\" data-id=\"8af6b0b\" data-element_type=\"column\" data-e-type=\"column\" data-settings=\"{&quot;animation&quot;:&quot;fadeIn&quot;,&quot;animation_tablet&quot;:&quot;none&quot;,&quot;animation_mobile&quot;:&quot;none&quot;,&quot;animation_delay&quot;:600}\">\n\t\t\t<div class=\"elementor-widget-wrap elementor-element-populated\">\n\t\t\t\t\t\t<div class=\"elementor-element elementor-element-1fe9cfb elementor-align-start elementor-icon-list--layout-traditional elementor-list-item-link-full_width elementor-widget elementor-widget-icon-list\" data-id=\"1fe9cfb\" data-element_type=\"widget\" data-e-type=\"widget\" data-widget_type=\"icon-list.default\">\n\t\t\t\t<div class=\"elementor-widget-container\">\n\t\t\t\t\t\t\t<ul class=\"elementor-icon-list-items\">\n\t\t\t\t\t\t\t<li class=\"elementor-icon-list-item\">\n\t\t\t\t\t\t\t\t\t\t\t<span class=\"elementor-icon-list-icon\">\n\t\t\t\t\t\t\t<i aria-hidden=\"true\" class=\"vamtamtheme- vamtam-theme-check\"><\/i>\t\t\t\t\t\t<\/span>\n\t\t\t\t\t\t\t\t\t\t<span class=\"elementor-icon-list-text\">Eigen- und Fremdwahrnehmung<\/span>\n\t\t\t\t\t\t\t\t\t<\/li>\n\t\t\t\t\t\t\t\t<li class=\"elementor-icon-list-item\">\n\t\t\t\t\t\t\t\t\t\t\t<span class=\"elementor-icon-list-icon\">\n\t\t\t\t\t\t\t<i aria-hidden=\"true\" class=\"vamtamtheme- vamtam-theme-check\"><\/i>\t\t\t\t\t\t<\/span>\n\t\t\t\t\t\t\t\t\t\t<span class=\"elementor-icon-list-text\">Pers\u00f6nlichkeitsentwicklung<\/span>\n\t\t\t\t\t\t\t\t\t<\/li>\n\t\t\t\t\t\t<\/ul>\n\t\t\t\t\t\t<\/div>\n\t\t\t\t<\/div>\n\t\t\t\t\t<\/div>\n\t\t<\/div>\n\t\t\t\t<div class=\"elementor-column elementor-col-33 elementor-top-column elementor-element elementor-element-0193ef2 elementor-invisible\" data-id=\"0193ef2\" data-element_type=\"column\" data-e-type=\"column\" data-settings=\"{&quot;animation&quot;:&quot;fadeIn&quot;,&quot;animation_tablet&quot;:&quot;none&quot;,&quot;animation_mobile&quot;:&quot;none&quot;,&quot;animation_delay&quot;:900}\">\n\t\t\t<div class=\"elementor-widget-wrap elementor-element-populated\">\n\t\t\t\t\t\t<div class=\"elementor-element elementor-element-769f98d elementor-align-start elementor-icon-list--layout-traditional elementor-list-item-link-full_width elementor-widget elementor-widget-icon-list\" data-id=\"769f98d\" data-element_type=\"widget\" data-e-type=\"widget\" data-widget_type=\"icon-list.default\">\n\t\t\t\t<div class=\"elementor-widget-container\">\n\t\t\t\t\t\t\t<ul class=\"elementor-icon-list-items\">\n\t\t\t\t\t\t\t<li class=\"elementor-icon-list-item\">\n\t\t\t\t\t\t\t\t\t\t\t<span class=\"elementor-icon-list-icon\">\n\t\t\t\t\t\t\t<i aria-hidden=\"true\" class=\"vamtamtheme- vamtam-theme-check\"><\/i>\t\t\t\t\t\t<\/span>\n\t\t\t\t\t\t\t\t\t\t<span class=\"elementor-icon-list-text\">St\u00e4rkung des Selbsbewusstseins<\/span>\n\t\t\t\t\t\t\t\t\t<\/li>\n\t\t\t\t\t\t\t\t<li class=\"elementor-icon-list-item\">\n\t\t\t\t\t\t\t\t\t\t\t<span class=\"elementor-icon-list-icon\">\n\t\t\t\t\t\t\t<i aria-hidden=\"true\" class=\"vamtamtheme- vamtam-theme-check\"><\/i>\t\t\t\t\t\t<\/span>\n\t\t\t\t\t\t\t\t\t\t<span class=\"elementor-icon-list-text\">Krisenbew\u00e4ltigung<\/span>\n\t\t\t\t\t\t\t\t\t<\/li>\n\t\t\t\t\t\t<\/ul>\n\t\t\t\t\t\t<\/div>\n\t\t\t\t<\/div>\n\t\t\t\t\t<\/div>\n\t\t<\/div>\n\t\t\t\t<div class=\"elementor-column elementor-col-33 elementor-top-column elementor-element elementor-element-25c052e elementor-invisible\" data-id=\"25c052e\" data-element_type=\"column\" data-e-type=\"column\" data-settings=\"{&quot;animation&quot;:&quot;fadeIn&quot;,&quot;animation_tablet&quot;:&quot;none&quot;,&quot;animation_mobile&quot;:&quot;none&quot;,&quot;animation_delay&quot;:1200}\">\n\t\t\t<div class=\"elementor-widget-wrap elementor-element-populated\">\n\t\t\t\t\t\t<div class=\"elementor-element elementor-element-8cf3206 elementor-align-start elementor-icon-list--layout-traditional elementor-list-item-link-full_width elementor-widget elementor-widget-icon-list\" data-id=\"8cf3206\" data-element_type=\"widget\" data-e-type=\"widget\" data-widget_type=\"icon-list.default\">\n\t\t\t\t<div class=\"elementor-widget-container\">\n\t\t\t\t\t\t\t<ul class=\"elementor-icon-list-items\">\n\t\t\t\t\t\t\t<li class=\"elementor-icon-list-item\">\n\t\t\t\t\t\t\t\t\t\t\t<span class=\"elementor-icon-list-icon\">\n\t\t\t\t\t\t\t<i aria-hidden=\"true\" class=\"vamtamtheme- vamtam-theme-check\"><\/i>\t\t\t\t\t\t<\/span>\n\t\t\t\t\t\t\t\t\t\t<span class=\"elementor-icon-list-text\">Umgang mit zwischenmenschlichen Konflikten<\/span>\n\t\t\t\t\t\t\t\t\t<\/li>\n\t\t\t\t\t\t\t\t<li class=\"elementor-icon-list-item\">\n\t\t\t\t\t\t\t\t\t\t\t<span class=\"elementor-icon-list-icon\">\n\t\t\t\t\t\t\t<i aria-hidden=\"true\" class=\"vamtamtheme- vamtam-theme-check\"><\/i>\t\t\t\t\t\t<\/span>\n\t\t\t\t\t\t\t\t\t\t<span class=\"elementor-icon-list-text\">F\u00fchrungskompetenzen<\/span>\n\t\t\t\t\t\t\t\t\t<\/li>\n\t\t\t\t\t\t<\/ul>\n\t\t\t\t\t\t<\/div>\n\t\t\t\t<\/div>\n\t\t\t\t\t<\/div>\n\t\t<\/div>\n\t\t\t\t\t<\/div>\n\t\t<\/section>\n\t\t\t\t<section class=\"elementor-section elementor-top-section elementor-element elementor-element-eb10157 elementor-section-boxed elementor-section-height-default elementor-section-height-default\" data-id=\"eb10157\" data-element_type=\"section\" data-e-type=\"section\" data-settings=\"{&quot;background_background&quot;:&quot;classic&quot;}\">\n\t\t\t\t\t\t<div class=\"elementor-container elementor-column-gap-no\">\n\t\t\t\t\t<div class=\"elementor-column elementor-col-50 elementor-top-column elementor-element elementor-element-d0a88eb\" data-id=\"d0a88eb\" data-element_type=\"column\" data-e-type=\"column\">\n\t\t\t<div class=\"elementor-widget-wrap elementor-element-populated\">\n\t\t\t\t\t\t<div class=\"elementor-element elementor-element-bf7b643 elementor-widget elementor-widget-text-editor\" data-id=\"bf7b643\" data-element_type=\"widget\" data-e-type=\"widget\" data-widget_type=\"text-editor.default\">\n\t\t\t\t<div class=\"elementor-widget-container\">\n\t\t\t\t\t\t\t\t\t<p>Coaching ist eine Entwicklungsbegleitung. Der Klient steht im Mittelpunkt des&nbsp;Geschehens. Begabungen und M\u00f6glichkeiten des Klienten werden herausgearbeitet.&nbsp;Verdeckte St\u00e4rken und Ressourcen werden \u201egeweckt\u201c. Im beruflichen Umfeld geht der&nbsp;Blick ebenfalls auf die Organisation, die Rolle und die Funktion des Klienten im&nbsp;Unternehmen.&nbsp;Die Ziele bestimmt der Klient. Ver\u00e4nderungswu\u0308nsche k\u00f6nnen sowohl auf Seiten des&nbsp;Klienten als auch auf Seiten des Arbeitgebers ge\u00e4u\u00dfert werden.&nbsp;Dabei arbeiten wir stets systemisch und ressourcenorientiert.<\/p>\n<p>Fu\u0308r ein pferdegestu\u0308tztes Coaching ist keinerlei Vorkenntnis im Bereich Pferd\/Reiten&nbsp;erforderlich.<\/p>\t\t\t\t\t\t\t\t<\/div>\n\t\t\t\t<\/div>\n\t\t\t\t\t<\/div>\n\t\t<\/div>\n\t\t\t\t<div class=\"elementor-column elementor-col-50 elementor-top-column elementor-element elementor-element-0acb6bd\" data-id=\"0acb6bd\" data-element_type=\"column\" data-e-type=\"column\" data-settings=\"{&quot;background_background&quot;:&quot;classic&quot;,&quot;animation_tablet&quot;:&quot;none&quot;,&quot;animation_mobile&quot;:&quot;none&quot;}\">\n\t\t\t<div class=\"elementor-widget-wrap elementor-element-populated\">\n\t\t\t\t\t\t<div class=\"vamtam-has-theme-widget-styles elementor-element elementor-element-4b39983 elementor-invisible elementor-widget elementor-widget-image\" data-id=\"4b39983\" data-element_type=\"widget\" data-e-type=\"widget\" data-settings=\"{&quot;_animation&quot;:&quot;imageGrowWithScaleLeft&quot;,&quot;_animation_tablet&quot;:&quot;none&quot;,&quot;_animation_mobile&quot;:&quot;none&quot;}\" data-widget_type=\"image.default\">\n\t\t\t\t<div class=\"elementor-widget-container\">\n\t\t\t\t\t\t\t\t\t<div class=\"elementor-image\">\n\t\t\t\t\t\t\t\t\t\t\t<div class=\"vamtam-image-wrapper\">\n\t\t\t\t\t\t\t\t\t\t\t\t\t\t\t\t\t\t\t\t\t<img decoding=\"async\" width=\"1908\" height=\"1908\" src=\"https:\/\/ponyzirkuss.de\/wp-content\/uploads\/2022\/09\/Supervision.jpg\" class=\"attachment-full size-full wp-image-988076\" alt=\"\" srcset=\"https:\/\/ponyzirkuss.de\/wp-content\/uploads\/2022\/09\/Supervision.jpg 1908w, https:\/\/ponyzirkuss.de\/wp-content\/uploads\/2022\/09\/Supervision-300x300.jpg 300w, https:\/\/ponyzirkuss.de\/wp-content\/uploads\/2022\/09\/Supervision-1024x1024.jpg 1024w, https:\/\/ponyzirkuss.de\/wp-content\/uploads\/2022\/09\/Supervision-150x150.jpg 150w, https:\/\/ponyzirkuss.de\/wp-content\/uploads\/2022\/09\/Supervision-768x768.jpg 768w, https:\/\/ponyzirkuss.de\/wp-content\/uploads\/2022\/09\/Supervision-1536x1536.jpg 1536w, https:\/\/ponyzirkuss.de\/wp-content\/uploads\/2022\/09\/Supervision-1260x1260.jpg 1260w, https:\/\/ponyzirkuss.de\/wp-content\/uploads\/2022\/09\/Supervision-630x630.jpg 630w, https:\/\/ponyzirkuss.de\/wp-content\/uploads\/2022\/09\/Supervision-315x315.jpg 315w\" sizes=\"(max-width: 1908px) 100vw, 1908px\" \/>\t\t\t\t\t\t\t\t\t\t\t\t\t\t\t\t\t\t\t\t\t\t\t\t\t\t<\/div>\n\t\t\t\t\t\t\t\t\t<\/div>\n\t\t\t\t\t\t\t\t<\/div>\n\t\t\t\t<\/div>\n\t\t\t\t\t<\/div>\n\t\t<\/div>\n\t\t\t\t\t<\/div>\n\t\t<\/section>\n\t\t\t\t<\/div>\n\t\t","protected":false},"excerpt":{"rendered":"<p>Pferde sind wertfrei. Sie verstellen sich nicht und sind authentisch. Jedes Pferd interagiert\u00a0mit jedem einzelnen Menschen anders. Nichts ist planbar oder vorhersehbar.\u00a0Unsere Coachings richten sich an Privatpersonen, Teams und Fu\u0308hrungskr\u00e4fte und\u00a0bearbeiten klassische Themen des Coachings, wie zum Beispiel: Eigen- und Fremdwahrnehmung Pers\u00f6nlichkeitsentwicklung St\u00e4rkung des Selbsbewusstseins Krisenbew\u00e4ltigung Umgang mit zwischenmenschlichen Konflikten F\u00fchrungskompetenzen Coaching ist eine Entwicklungsbegleitung&#8230;.<\/p>\n","protected":false},"author":1,"featured_media":0,"parent":0,"menu_order":0,"comment_status":"closed","ping_status":"closed","template":"","meta":{"footnotes":""},"class_list":["post-19006","page","type-page","status-publish","hentry"],"_links":{"self":[{"href":"https:\/\/ponyzirkuss.de\/index.php?rest_route=\/wp\/v2\/pages\/19006"}],"collection":[{"href":"https:\/\/ponyzirkuss.de\/index.php?rest_route=\/wp\/v2\/pages"}],"about":[{"href":"https:\/\/ponyzirkuss.de\/index.php?rest_route=\/wp\/v2\/types\/page"}],"author":[{"embeddable":true,"href":"https:\/\/ponyzirkuss.de\/index.php?rest_route=\/wp\/v2\/users\/1"}],"replies":[{"embeddable":true,"href":"https:\/\/ponyzirkuss.de\/index.php?rest_route=%2Fwp%2Fv2%2Fcomments&post=19006"}],"version-history":[{"count":22,"href":"https:\/\/ponyzirkuss.de\/index.php?rest_route=\/wp\/v2\/pages\/19006\/revisions"}],"predecessor-version":[{"id":988079,"href":"https:\/\/ponyzirkuss.de\/index.php?rest_route=\/wp\/v2\/pages\/19006\/revisions\/988079"}],"wp:attachment":[{"href":"https:\/\/ponyzirkuss.de\/index.php?rest_route=%2Fwp%2Fv2%2Fmedia&parent=19006"}],"curies":[{"name":"wp","href":"https:\/\/api.w.org\/{rel}","templated":true}]}}